 base 5.
4041
What is 100111011001 (base 2) in base 15?
b31
What is 195 (base 10) in base 14?
dd
Convert 33c6 (base 15) to base 4.
2223222
What is -15a (base 15) in base 4?
-10312
What is -110011000011011 (base 2) in base 10?
-26139
Convert 132203 (base 4) to base 13.
b75
11200 (base 3) to base 8
176
What is -96 (base 13) in base 15?
-83
Convert 6544 (base 13) to base 9.
21277
Convert -4010 (base 6) to base 10.
-870
1973 (base 11) to base 9
3377
Convert 155 (base 6) to base 9.
78
-208e (base 15) to base 11
-5199
What is -268b (base 13) in base 4?
-1112103
Convert -1cab (base 13) to base 3.
-12222201
321405 (base 6) to base 16
66ad
Convert 1121201 (base 3) to base 16.
49c
Convert -a0 (base 15) to base 5.
-1100
Convert 107 (base 9) to base 14.
64
What is 57a (base 12) in base 2?
1100101110
5752 (base 11) to base 9
11328
Convert -14303 (base 8) to base 12.
-3803
5236 (base 12) to base 6
105310
What is -240514 (base 6) in base 10?
-20926
3558 (base 10) to base 5
103213
What is -41244 (base 5) in base 10?
-2699
Convert 178 (base 12) to base 8.
354
What is 4741 (base 15) in base 9?
22677
-101010110 (base 2) to base 4
-11112
What is 1015 (base 6) in base 5?
1402
Convert 13625 (base 7) to base 14.
1515
1747 (base 8) to base 10
999
Convert 7745 (base 9) to base 11.
4322
-2b8 (base 16) to base 4
-22320
-6320 (base 8) to base 6
-23104
714 (base 14) to base 8
2556
Convert -435a (base 11) to base 12.
-33b4
Convert -1224433 (base 6) to base 9.
-110263
Convert -17625 (base 11) to base 3.
-1020220020
Convert -1308 (base 12) to base 2.
-100001111000
What is 312320 (base 6) in base 11?
17a08
What is -2d45 (base 15) in base 16?
-260c
Convert 213321 (base 4) to base 15.
b53
111102 (base 4) to base 3
1212110
Convert -203 (base 4) to base 8.
-43
Convert 101101101111 (base 2) to base 3.
11000102
Convert 332525 (base 6) to base 16.
6cc5
What is -231110 (base 4) in base 13?
-1421
What is 2000 (base 3) in base 13?
42
What is -19984 (base 12) in base 5?
-2201214
Convert -6 (base 10) to base 7.
-6
Convert -663 (base 12) to base 15.
-429
What is -652 (base 16) in base 12?
-b2a
1111001101 (base 2) to base 9
1301
21502 (base 6) to base 10
2990
Convert 10000101110 (base 2) to base 8.
2056
-15323 (base 6) to base 4
-213003
What is -6a1 (base 16) in base 15?
-782
586 (base 14) to base 8
2112
464 (base 11) to base 10
554
-53417 (base 10) to base 6
-1051145
8223 (base 11) to base 8
25243
-15536 (base 9) to base 11
-7aa7
Convert -3435 (base 6) to base 15.
-395
What is 415234 (base 6) in base 2?
1000001100100110
What is -22723 (base 12) in base 6?
-552443
What is 35 (base 13) in base 5?
134
150 (base 11) to base 9
215
14212 (base 5) to base 2
10010011110
Convert -25793 (base 10) to base 14.
-9585
Convert -7459 (base 14) to base 2.
-100111001100111
What is 2041 (base 6) in base 14?
249
Convert 13013 (base 5) to base 9.
1340
Convert 324014 (base 7) to base 16.
dd1e
-42064 (base 7) to base 6
-115504
Convert 4515 (base 7) to base 14.
845
What is -100111101 (base 3) in base 2?
-1101100001010
What is 733 (base 13) in base 2?
10011001001
Convert 101101 (base 2) to base 16.
2d
24a8 (base 13) to base 5
131313
1002000200 (base 3) to base 10
21159
What is 91919 (base 10) in base 7?
531662
What is 2d9 (base 14) in base 16?
247
What is 382b (base 13) in base 2?
1111100101100
Convert -1ab (base 16) to base 4.
-12223
What is 6 (base 7) in base 12?
6
1021133 (base 5) to base 2
100001010010011
What is 28403 (base 9) in base 6?
225133
Convert 1000100101000 (base 2) to base 9.
6020
Convert 12003231 (base 4) to base 11.
17708
Convert 13a (base 14) to base 5.
1443
199b (base 12) to base 7
12110
205 (base 6) to base 14
57
Convert 773 (base 8) to base 6.
2203
Convert 112100 (base 3) to base 7.
1062
24b6a (base 12) to base 3
2112122201
Convert -172 (base 11) to base 14.
-104
533534 (base 7) to base 15
1c642
Convert 426 (base 8) to base 6.
1142
Convert 10001010001 (base 2) to base 5.
13410
-278 (base 10) to base 15
-138
What is -12502 (base 10) in base 6?
-133514
5a00 (base 11) to base 3
101210022
Convert 130113 (base 6) to base 14.
43a5
Convert 861 (base 11) to base 2.
10000001011
Convert -31600 (base 7) to base 3.
-101202101
-2351 (base 7) to base 16
-365
55054 (base 6) to base 13
35c2
What is 8122 (base 11) in base 3?
112210202
What is 250 (base 13) in base 10?
403
What is 1101010011011 (base 2) in base 15?
2041
What is 22253 (base 8) in base 15?
2bac
1cef (base 16) to base 5
214112
Convert 5ce9 (base 16) to base 12.
11921
Convert -1021100222 (base 3) to base 4.
-12013133
Convert -335054 (base 6) to base 4.
-12322222
Convert 1001011221 (base 3) to base 12.
ba81
What is -84cc (base 13) in base 7?
-104463
-240115 (base 6) to base 5
-1131113
Convert 17237 (base 8) to base 5.
222324
Convert 7620 (base 8) to base 12.
2380
-385 (base 13) to base 7
-1540
What is 10230233 (base 4) in base 5?
1103442
Convert -5807 (base 9) to base 10.
-4300
13205 (base 6) to base 16
7e5
Convert -2088 (base 13) to base 3.
-20011220
Convert -11233 (base 5) to base 7.
-2246
Convert -677 (base 13) to base 11.
-921
Convert 12a3 (base 13) to base 4.
221230
1245 (base 16) to base 13
218a
651 (base 12) to base 11
771
-168 (base 15) to base 4
-11003
b15 (base 13) to base 10
1877
What is -174 (base 13) in base 4?
-10020
Convert 5143 (base 6) to base 4.
101313
-1505 (base 7) to base 12
-415
What is 1104 (base 5) in base 6?
414
Convert -2100022 (base 3) to base 7.
-4661
What is b2c2 (base 14) in base 6?
354202
309 (base 11) to base 13
228
Convert -15004 (base 6) to base 14.
-c20
Convert 2001 (base 5) to base 3.
100022
Convert 2200 (base 5) to base 2.
100101100
Convert -1105 (base 7) to base 15.
-1b7
Convert -240503 (base 6) to base 5.
-1132134
What is -1948 (base 12) in base 10?
-3080
Convert -435 (base 12) to base 6.
-2505
-28322 (base 11) to base 14
-1099b
Convert -220211 (base 4) to base 14.
-d37
2331222 (base 5) to base 6
525343
Convert -21625 (base 8) to base 2.
-10001110010101
What is -3452 (base 7) in base 14?
-662
Convert 33a (base 15) to base 11.
604
2c4 (base 15) to base 16
27a
Convert -88b (base 13) to base 16.
-5bb
Convert 2414 (base 7) to base 15.
3e8
2121103 (base 4) to base 14
380b
Convert -1539 (base 10) to base 13.
-915
What is -1002202 (base 3) in base 8?
-1443
Convert -53317 (base 8) to base 14.
-8155
-22887 (base 11) to base 6
-412451
-2130012 (base 5) to base 3
-1211201212
-111101101100110 (base 2) to base 11
-21809
What is -12332 (base 5) in base 10?
-967
What is 2162 (base 7) in base 9?
1055
Convert -269 (base 12) to base 10.
-369
Convert 7842 (base 9) to base 7.
22610
What is -a808 (base 12) in base 2?
-100100000001000
What is 16012 (base 7) in base 14?
18b2
Convert 1334 (base 5) to base 9.
263
-281 (base 14) to base 11
-41a
What is -60 (base 13) in base 8?
-116
Convert -101010011010000 (base 2) to base 14.
-7cac
Convert 441332 (base 5) to base 14.
578d
What is d8a9 (base 14) in base 9?
56253
What is 849 (base 16) in base 12?
1289
-532224 (base 6) to base 10
-43288
46372 (base 11) to base 2
10000010110110000
Convert -1b2 (base 13) to base 8.
-472
What is 121133 (base 5) in base 6?
33011
What is -4ce (base 15) in base 5?
-13334
What is 24060 (base 9) in base 13?
742b
What is -a516 (base 11) in base 7?
-55422
Convert -a835 (base 11) to base 10.
-14316
What is -61295 (base 10) in base 2?
-1110111101101111
What is -21 (base 15) in base 9?
-34
What is 40179 (base 10) in base 6?
510003
Convert -2265 (base 7) to base 2.
-1100111111
Convert bb0a (base 12) to base 15.
6187
What is -221011 (base 4) in base 5?
-41004
Convert -502001 (base 6) to base 5.
-2224223
Convert -10246 (base 7) to base 13.
-11cb
Convert 343 (base 11) to base 16.
19a
Convert -1111000101 (base 2) to base 10.
-965
What is 31300 (base 4) in base 11?
730
What is 29c2 (base 13) in base 14?
22db
42503 (base 6) to base 15
1ab9
3626 (base 11) to base 8
11213
Convert 1933 (base 11) to base 5.
34311
Convert 45430 (base 6) to base 11.
4912
What is 1000001110 (base 2) in base 13?
316
What is 142 (base 9) in base 12?
9b
What is 1154 (base 6) in base 13?
190
Convert -1254 (base 16) to base 15.
-15cc
Convert -3237 (base 8) to base 2.
-11010011111
What is 22c43 (base 13) in base 9?
106215
Convert 110001011000101 (base 2) to base 6.
313021
-1062 (base 9) to base 11
